{"id":224,"date":"2025-12-27T17:15:19","date_gmt":"2025-12-27T17:15:19","guid":{"rendered":"https:\/\/shop.lasora.ch\/?post_type=product&#038;p=224"},"modified":"2026-01-21T13:31:23","modified_gmt":"2026-01-21T13:31:23","slug":"schatztruhe","status":"publish","type":"product","link":"https:\/\/shop.lasora.ch\/?product=schatztruhe","title":{"rendered":"Schatztruhe aus Holz"},"content":{"rendered":"<p class=\"\" data-start=\"102\" data-end=\"177\">Holz-Schatztruhe mit Piratenmotiv \u2013 Der perfekte Ort f\u00fcr kleine Sch\u00e4tze<\/p>\n<p class=\"\" data-start=\"179\" data-end=\"439\">Diese liebevoll gestaltete Schatztruhe aus Holz ist ein echtes Highlight f\u00fcr kleine Abenteurer und Entdecker.<\/p>\n<p class=\"\" data-start=\"441\" data-end=\"951\">\ud83d\udd39 Hochwertige Gravur: Der Deckel ziert ein Pirat mit Schatzkarte \u2013 pr\u00e4zise und dauerhaft ins Holz graviert.<br data-start=\"553\" data-end=\"556\" \/>\ud83d\udd39 Material: Gefertigt aus Birkenspeerholz, ist die ideal f\u00fcr den t\u00e4glichen Einsatz.<br data-start=\"669\" data-end=\"672\" \/>\ud83d\udd39 Vielseitig einsetzbar: Ob als Aufbewahrung f\u00fcr kleine Spielsachen, Schmuck, M\u00fcnzen oder pers\u00f6nliche Erinnerungen \u2013 hier ist\u00a0 \u00a0 \u00a0 \u00a0 \u00a0 \u00a0 \u00a0 \u00a0alles gut aufgehoben.<br data-start=\"824\" data-end=\"827\" \/>\ud83d\udd39 Perfektes Geschenk: Ideal f\u00fcr Kindergeburtstage, Schatzsuchen oder als besondere \u00dcberraschung f\u00fcr kleine Piratenfans.<\/p>\n<p class=\"\" data-start=\"953\" data-end=\"1061\">\ud83d\udccf Masse: Aussenmass ca. 15 cm x 15 cm h\u00f6he ca. 5.8 cm<br data-start=\"987\" data-end=\"990\" \/>\ud83c\udf33 Material: Birkenspeerholz 3 mm lasiert<\/p>\n","protected":false},"excerpt":{"rendered":"<p>Schatztruhe aus Holz<\/p>\n","protected":false},"featured_media":252,"comment_status":"open","ping_status":"closed","template":"","meta":{"site-sidebar-layout":"default","site-content-layout":"","ast-site-content-layout":"default","site-content-style":"default","site-sidebar-style":"default","ast-global-header-display":"","ast-banner-title-visibility":"","ast-main-header-display":"","ast-hfb-above-header-display":"","ast-hfb-below-header-display":"","ast-hfb-mobile-header-display":"","site-post-title":"","ast-breadcrumbs-content":"","ast-featured-img":"","footer-sml-layout":"","ast-disable-related-posts":"","theme-transparent-header-meta":"default","adv-header-id-meta":"","stick-header-meta":"default","header-above-stick-meta":"","header-main-stick-meta":"","header-below-stick-meta":"","astra-migrate-meta-layouts":"set","ast-page-background-enabled":"default","ast-page-background-meta":{"desktop":{"background-color":"var(--ast-global-color-5)","background-image":"","background-repeat":"repeat","background-position":"center center","background-size":"auto","background-attachment":"scroll","background-type":"","background-media":"","overlay-type":"","overlay-color":"","overlay-opacity":"","overlay-gradient":""},"tablet":{"background-color":"","background-image":"","background-repeat":"repeat","background-position":"center center","background-size":"auto","background-attachment":"scroll","background-type":"","background-media":"","overlay-type":"","overlay-color":"","overlay-opacity":"","overlay-gradient":""},"mobile":{"background-color":"","background-image":"","background-repeat":"repeat","background-position":"center center","background-size":"auto","background-attachment":"scroll","background-type":"","background-media":"","overlay-type":"","overlay-color":"","overlay-opacity":"","overlay-gradient":""}},"ast-content-background-meta":{"desktop":{"background-color":"var(--ast-global-color-4)","background-image":"","background-repeat":"repeat","background-position":"center center","background-size":"auto","background-attachment":"scroll","background-type":"","background-media":"","overlay-type":"","overlay-color":"","overlay-opacity":"","overlay-gradient":""},"tablet":{"background-color":"var(--ast-global-color-4)","background-image":"","background-repeat":"repeat","background-position":"center center","background-size":"auto","background-attachment":"scroll","background-type":"","background-media":"","overlay-type":"","overlay-color":"","overlay-opacity":"","overlay-gradient":""},"mobile":{"background-color":"var(--ast-global-color-4)","background-image":"","background-repeat":"repeat","background-position":"center center","background-size":"auto","background-attachment":"scroll","background-type":"","background-media":"","overlay-type":"","overlay-color":"","overlay-opacity":"","overlay-gradient":""}},"advanced_seo_description":"","jetpack_seo_html_title":"","jetpack_seo_noindex":false},"product_brand":[33],"product_cat":[42,49],"product_tag":[43,30,50,51,52,53,54],"class_list":{"0":"post-224","1":"product","2":"type-product","3":"status-publish","4":"has-post-thumbnail","6":"product_brand-lasora","7":"product_cat-dekor","8":"product_cat-kinder","9":"product_tag-dekor","10":"product_tag-graviert","11":"product_tag-pirat","12":"product_tag-schattruhe","13":"product_tag-schatz","14":"product_tag-schatzkiste","15":"product_tag-spielen","16":"product_shipping_class-paket","17":"desktop-align-left","18":"tablet-align-left","19":"mobile-align-left","21":"first","22":"instock","23":"shipping-taxable","24":"purchasable","25":"product-type-simple"},"jetpack_sharing_enabled":true,"_links":{"self":[{"href":"https:\/\/shop.lasora.ch\/index.php?rest_route=\/wp\/v2\/product\/224","targetHints":{"allow":["GET"]}}],"collection":[{"href":"https:\/\/shop.lasora.ch\/index.php?rest_route=\/wp\/v2\/product"}],"about":[{"href":"https:\/\/shop.lasora.ch\/index.php?rest_route=\/wp\/v2\/types\/product"}],"replies":[{"embeddable":true,"href":"https:\/\/shop.lasora.ch\/index.php?rest_route=%2Fwp%2Fv2%2Fcomments&post=224"}],"wp:featuredmedia":[{"embeddable":true,"href":"https:\/\/shop.lasora.ch\/index.php?rest_route=\/wp\/v2\/media\/252"}],"wp:attachment":[{"href":"https:\/\/shop.lasora.ch\/index.php?rest_route=%2Fwp%2Fv2%2Fmedia&parent=224"}],"wp:term":[{"taxonomy":"product_brand","embeddable":true,"href":"https:\/\/shop.lasora.ch\/index.php?rest_route=%2Fwp%2Fv2%2Fproduct_brand&post=224"},{"taxonomy":"product_cat","embeddable":true,"href":"https:\/\/shop.lasora.ch\/index.php?rest_route=%2Fwp%2Fv2%2Fproduct_cat&post=224"},{"taxonomy":"product_tag","embeddable":true,"href":"https:\/\/shop.lasora.ch\/index.php?rest_route=%2Fwp%2Fv2%2Fproduct_tag&post=224"}],"curies":[{"name":"wp","href":"https:\/\/api.w.org\/{rel}","templated":true}]}}